) = -2*y + 1 - 1 - 2 + 0. Give t(-7).
12
Let s(z) = -5*z + 4*z - 6*z + z**2 - 5 + 0*z. Determine s(8).
3
Let l(g) be the second derivative of g**3/6 - 5*g**2/2 - g. Suppose -5*m - 3*h = -8, 0 = -h + 6*h - 5. Let z = -1 + m. Give l(z).
-5
Let r be 45/(-5) - (-1 - 0). Let k = 11 + r. Let b(p) = 2*p - p**2 + p**2 - 1 - p**2 - 3*p**k. Determine b(1).
-3
Let j(n) = 18*n - 3*n - 3*n - 9*n. Suppose -5*o + 11 = 6. Give j(o).
3
Let r(v) = 3*v - 1. Let u(a) = a. Let k(x) = r(x) - 4*u(x). Determine k(0).
-1
Let v(w) be the first derivative of -2*w**2 + 4*w + 5. Let f(t) = t + 1. Let s(q) = -3*f(q) + v(q). Calculate s(1).
-6
Let n(i) = -2*i - 2. Let d = -22 - -19. Let c(k) = 3*k + 1. Let j(w) = d*c(w) - 4*n(w). Suppose 0 = p + 4*p. What is j(p)?
5
Let g be (1 - 0)*0/(-3). Suppose g = 2*t + t - 9. Let y(z) = -2*z**3 - 1 - z - 6*z**3 - z**2 - z**t. Give y(-1).
8
Let y(q) = q**3 - 8*q**2 - q + 9. Let r be y(8). Let m(w) be the third derivative of w**6/20 + w**5/60 - w**4/12 + w**3/6 + 5*w**2. Give m(r).
6
Let o(n) = n**3 + 5*n**2 + 4. Let w be 17 + -18 - (4 - 0). Give o(w).
4
Let n(c) = -2*c - 13 + 0 + 3 + 6. Give n(-5).
6
Let n(t) = -2*t**3 - 2*t**2 + 2*t + 2. Let a = 6 + -5. Let q = a - 5. Let g be q - -6 - (4 - 0). Give n(g).
6
Let n(k) = -3*k**2 - 4*k - 9. Let p(o) = -2*o**2 - 5*o - 11. Let u(c) = 5*n(c) - 4*p(c). Calculate u(-1).
-8
Let z(u) = -u**2 - 5*u + 4. Let v(a) = a. Let g be v(2). Suppose 25 = 5*t, g*r = 3*t - 8 - 17. Determine z(r).
4
Let j(l) be the first derivative of -l**4/12 - l**2/2 + 5*l - 6. Let u(y) be the first derivative of j(y). Calculate u(0).
-1
Let r be (-4)/22 - 84/22. Let o = 3 - r. Suppose -o*l + 15 = -2*l. Let t(c) = -2*c - 1. Determine t(l).
-7
Let c(t) = -7*t + 10. Let q = -8 + 11. Suppose 0 = -3*z - 3*j + 2*j + 23, 0 = 3*z + q*j - 27. Let x(l) = 10*l - 15. Let b(u) = z*c(u) + 5*x(u). Calculate b(5).
0
Suppose -14 = -o - o. Let w be -2 - (-3 + 2 - o). Let r be 0 + (3/1 - w). Let y(i) = -5*i - 4. Calculate y(r).
11
Let z(o) = -4*o**2 - 10*o + 12. Let l(i) = -3*i**2 - 10*i + 11. Let n(r) = -3*l(r) + 2*z(r). Determine n(-11).
2
Let d(s) = -s**2 + s - 1 + 2*s**2 + 0. Let f(j) = j**2 + 4*j - 15. Let g be f(-6). What is d(g)?
5
Let z(b) = -b**2 + 5*b + 6. Let m be z(6). Let v(k) be the third derivative of k**5/60 + 2*k**3/3 + 19*k**2. Give v(m).
4
Let q(t) be the first derivative of -6*t**3 - t**2/2 + 6. Give q(-1).
-17
Let a(m) be the first derivative of 10*m**3/3 + m**2/2 + m - 1. Let d(z) = -z**3 - 6*z**2 + 4*z - 22. Let i be d(-7). Give a(i).
10
Suppose -85 = 3*c - 70. Let b(r) be the third derivative of r**5/60 + r**4/4 + 7*r**3/6 + 2*r**2. Determine b(c).
2
Suppose -15 = 3*t + 2*t. Let g(l) be the third derivative of l**6/120 + l**5/20 + l**4/24 + l**3/6 - 42*l**2 + 2. Determine g(t).
-2
Let l(p) be the second derivative of -p**5/60 - p**4/8 - p**3/3 - p**2 + 6*p. Let y(h) be the first derivative of l(h). Determine y(-3).
-2
Let c(r) = r + 22. Let g be c(-22). Let f(q) = -3*q**2 + 2*q - 2. Let p(o) = -7*o**2 + 5*o - 4. Let u(b) = 5*f(b) - 2*p(b). Give u(g).
-2
Let q(n) = n**3 - 4*n**2 + 3*n - 3. Suppose 1 = -3*h + 13. What is q(h)?
9
Suppose 3*o - 4*o + 2 = 5*f, 0 = -5*f + 5. Let g(t) = -t**2 - t - 4. What is g(o)?
-10
Let z(y) = -y**2. Let f(x) = 2*x**3 - 3*x**2 + 3*x - 3. Let k(u) = f(u) - 2*z(u). What is k(2)?
15
Let r(d) = 7*d**2 - 1. Let l = -6 + 11. Let a = 4 - l. Calculate r(a).
6
Suppose f = 2*x + 7, 0*x = -f + x + 7. Suppose f + 0 = 3*c - w, c - w = 1. Let m be (2 - c) + (9 - 3). Let a(s) = s**3 - 6*s**2 + 7*s - 5. Determine a(m).
5
Let g(t) be the first derivative of 1/3*t**3 - 7/2*t**2 + 3 + t. Give g(5).
-9
Let k(q) be the second derivative of -1/24*q**4 + 1/3*q**3 - 1/60*q**5 - 3/2*q**2 + 0 + 3*q. Let h(c) be the first derivative of k(c). Determine h(-2).
0
Let j(s) = 3*s - 1. Let n be (1 - -3 - 2) + -4. What is j(n)?
-7
Let y(u) = -u**2 + 13*u - 41. Let r be y(6). Let g(f) be the third derivative of 2*f**5/15 - f**4/24 + f**2. Give g(r).
7
Let d(z) = -4*z + 1. Let v be d(-1). Let f(r) be the first derivative of 3*r**2/2 - 7*r + 12. Determine f(v).
8
Let s(g) be the third derivative of g**6/120 - 2*g**5/15 + g**4/24 - g**3 + g**2. Let l be s(8). Let c(t) = 7*t**2 + t**3 - 4 + 2*t + t**l - 3*t**2. Give c(-4).
4
Let w = 33 - 50. Let p be w/(-4) - (-1)/(-4). Let q = -2 + p. Let t(l) = -l**2 + 3*l + 2. Calculate t(q).
4
Let m = 14 - 10. Suppose 0*w = -m*w. Let k(u) = u**2 + 2. Give k(w).
2
Let r(i) = i**2 - 3*i + 3. Suppose -8 + 0 = -4*n. Let m be r(n). Let k(b) be the third derivative of -b**5/30 - b**4/12 + b**3/6 + b**2. What is k(m)?
-3
Let q(c) = 0*c + 2*c - 2*c**2 - c**3 - c. Suppose -w + 4*w = -3*v + 18, 0 = -4*v - 2*w + 18. Suppose 0*b + 9 = -v*b. Calculate q(b).
6
Let n be 42/(-10) + 14/70. Let x(d) = 2*d + 6. Give x(n).
-2
Let a(t) = t**2 + 2*t - 3. Suppose -4*k = -3*k + 3. Determine a(k).
0
Let q(u) = -8 + 4 + 2 + 5 - 2*u. Let y(d) = d**2 + 3*d + 2. Let o be y(-3). Determine q(o).
-1
Let l(f) = -f - 7. Suppose 9 = 7*t - 4*t. Let v = t + 3. Let r(a) = a**3 - 7*a**2 + 6*a - 4. Let j be r(v). Determine l(j).
-3
Let v(h) = -h + 3. Let c(m) = -2*m - 29. Let l be c(0). Let d = l - -36. What is v(d)?
-4
Let j(t) = 0*t**2 - 15*t**3 + 14*t**3 + t + 4 + 6*t**2 - 3*t**2. Suppose 3*c - 4*c + 3 = 0. Determine j(c).
7
Let b(l) be the second derivative of 0 - 1/6*l**3 - l + 5/2*l**2. What is b(4)?
1
Let y(q) = -2*q - 5. Let l(g) = 4*g - 3. Let i be l(2). Let a(c) = 3*c + 4. Let n(u) = i*a(u) + 4*y(u). Let k = -2 - -3. Determine n(k).
7
Let b(t) = -t**2 - 2*t + 2. Suppose -z + 10 = -3*c, -3*c - 3*z - 4 - 2 = 0. Give b(c).
-1
Let g be (1 - -2) + (7 - 10). Let w(f) = -4 + f - 3 + g. Give w(3).
-4
Suppose 2*n - o = -4*o + 13, 0 = -2*n - 4*o + 18. Let g be 6/21 - 52/(-14). Let m(f) = -5*f + g - 4. Calculate m(n).
5
Let p(r) = -2*r**2 + 3*r - 2. Let o = 4 - 3. Let x be p(o). Let y(i) = -9*i. Give y(x).
9
Let f be 3/(-2) + 28/8. Suppose 5*r - 2*v + f = 17, 2*r = -v + 15. Let d(c) = -r + 3*c**2 - 2*c**2 - 2. What is d(0)?
-7
Let x = 9 - 7. Let i(z) be the first derivative of -1/2*z**2 + x - 3*z. Determine i(-2).
-1
Suppose -2*i + 16 = 5*l - 15, -4*i = 4*l - 32. Let o(n) = 1 - 2*n + i*n + 3*n - 3*n. Determine o(0).
1
Let z(t) = -13*t - 5. Let v(l) = -3*l - 1. Let x(u) = 9*v(u) - 2*z(u). Let s be (-4 + 3)*(-12)/3. Suppose -n = 5*p - 20, -s*n + 6*n = -5*p + 20. Determine x(p).
-3
Let h(w) = -2*w + 0*w - 4 - 3*w**2 + w**3 + 2*w - w. Let c = -3 - -4. Suppose -5 + c = -q. Calculate h(q).
8
Let f(o) = -o**3 + 6*o**2 - 7*o + 4. Let c = -1 - -5. Determine f(c).
8
Let u(m) be the first derivative of 1/2*m**2 - 3 - 4*m. Let k be 0/(5 + -1 - 2). What is u(k)?
-4
Suppose -4*v = 4*t, 7 - 1 = -2*t + 4*v. Let s(b) = 17*b**2 + b. What is s(t)?
16
Let z(m) be the third derivative of -m**5/12 + m**4/12 + m**3/6 - 4*m**2. What is z(-1)?
-6
Suppose g - 6 = -d, -g + 6*d - 9 = 2*d. Let r(w) = -g + 0 + w + 4. Let l = -10 + 9. Give r(l).
0
Let n(w) = -5*w + 28. Let u(z) = z - 7. Suppose -5*b + 4*s - 37 = 0, 0 = 2*b - 0*s - 4*s + 10. Let l(h) = b*u(h) - 2*n(h). Calculate l(-6).
1
Suppose 4*m = 5*m - 3. Let l(z) = -m + 0 - 3 + 2*z. Let a(c) = -c**3 + 5*c**2 - 3*c. Let k be a(4). What is l(k)?
2
Let c(b) = 4 + 0 + 4*b**2 + 4*b + 3*b**2. Let s(n) = n**2 + n + 1. Let k(l) = 2*l**3 + 4*l**2 + 2*l - 2. Let h be k(-2). Let r(x) = h*s(x) + c(x). Give r(3).
1
Suppose -a - 2*i = -7, -3*i = -5*a - i - 13. Let q(x) be the second derivative of -7/12*x**4 - 9*x + 0 + 0*x**2 - 1/6*x**3. Determine q(a).
-6
Let d be (-28)/(-14) + (-10)/1. Let n = 12 + d. Let s(t) = -t**2 + 5*t - 2. Calculate s(n).
2
Let f be 0/2*(-2 - -1). Suppose 5*a - 1 + 11 = f. Let q(z) = -z**3 - 2*z**2 + 1. Let m(g) = -g**3 - 2*g**2 + 1. Let x(l) = -3*m(l) + 4*q(l). Give x(a).
1
Let h(j) = -j**3 + 4 - 3 + 0*j**3 + 3*j**2 - 3. Calculate h(3).
-2
Let k(b) = -7*b**3 - 1. Suppose -p = p + 2*t - 12, -5*t = p - 14. Suppose 0 = -5*v - p - 1. Calculate k(v).
6
Suppose -6*h + 5*h - 2 = 0. Let w(u) = 3*u**2 + 2*u + 4. Let i(c) = -c**2 - c - 1. Let t(a) = -2*i(a) - w(a). Give t(h).
-6
Let k(q) = -3*q - 1. Let w be (-15)/10*8/(-6). Suppose -y - 3*y - w*o = 10, 0 = -y + 3*o - 6. Give k(y).
8
Let f(n) = -1 + 1 - 1 + 0*n + n. Let j be (-1)/(1 + 0) + 1. Give f(j).
-1
Let m(w) be the second derivative of -1/6*